 + 4. Let x(g) = -10*g + 25. Let b(j) = 28*j - 74. Let i(s) = -6*b(s) - 17*x(s). What are the prime factors of i(a)?
31
Suppose -4*o + 2507 = -n, -1879 = -20*o + 17*o + 2*n. What are the prime factors of o?
3, 11, 19
Let u(n) = -n**2 - 7*n - 8. Let x be u(-4). Suppose -3*p - i + 131 = 0, -3*i + 2*i + 176 = x*p. List the prime factors of p.
3, 5
Let n = 1417 + -522. What are the prime factors of n?
5, 179
Suppose x - 243 = 3*s, x + 2*s = -2*x + 696. What are the prime factors of x?
2, 3, 13
Let r be 6 - (-4 + 2 - (-2 - 0)). What are the prime factors of (70/(-3))/(r/(-27))?
3, 5, 7
Let y(f) = -20*f + 2*f - 54*f**2 + 53*f**2 - 10. List the prime factors of y(-14).
2, 23
Let x = -315 - -657. Suppose -5*z + 525 = 4*y, 3*z - 4*y + y = x. List the prime factors of z.
109
Suppose 562 - 2239 = -3*k. List the prime factors of k.
13, 43
Suppose 64*o - 75*o = -62766. What are the prime factors of o?
2, 3, 317
Let f = 413 - -746. What are the prime factors of f?
19, 61
Suppose 307 - 923 = 8*b. Let w = b + 147. List the prime factors of w.
2, 5, 7
Let h be (15/(-6))/(1/10). Let n = h - -241. List the prime factors of n.
2, 3
Let o = 1245 - -609. List the prime factors of o.
2, 3, 103
List the prime factors of 6/(-69) - (341978/(-161) - 5).
2129
Let o(s) = -154*s**2 - s - 1. Let q be o(-1). Let k = -82 - q. List the prime factors of k.
2, 3
Let t(f) = f**3 + 7*f**2 + 5*f. Let u be t(-2). Suppose -u*n + 4*n + 42 = 0. What are the prime factors of n?
7
Let v = 1782 + -1182. What are the prime factors of v/9 - 24/(-18)?
2, 17
Let b(o) = 9*o**2 - 17*o - 24. What are the prime factors of b(12)?
2, 3, 89
Let y(b) = 5*b + 5. Let i(u) = 4*u + 6. Let r(c) = 4*i(c) - 6*y(c). Let n be r(-4). Suppose -2*x - n = -4*x. What are the prime factors of x?
5
Let n(c) = -c**3 - c**2 + c + 1. Let f be n(-2). Let u(l) = 3*l - 10. Let y be u(5). Suppose -x = -y*s + x, -f*x + 5 = -5*s. What are the prime factors of s?
2
Let p(h) be the second derivative of -h**3/3 - 9*h**2 - 25*h. What are the prime factors of p(-12)?
2, 3
Suppose 2*d - 5*d = 0. Suppose d*g - 3*g = -12. Suppose -g*q = -15 + 3. List the prime factors of q.
3
Let k(l) = 1275*l**2 + 7*l - 6. List the prime factors of k(1).
2, 11, 29
Let t(d) be the first derivative of -d**3/3 + 7*d**2/2 - 2*d + 1. Let v be 10/((-20)/6)*(-2 + 0). What are the prime factors of t(v)?
2
Let n = 305 + -151. List the prime factors of n.
2, 7, 11
Let x(v) = 3*v**2 + v - 1. Let a be x(1). Suppose a*f - 243 = -0*f. What are the prime factors of f?
3
Suppose -1071 = -2*c - 233. List the prime factors of c.
419
Let v = 139 - 80. List the prime factors of v.
59
Let w(j) = 26*j**3 - 6*j**2 + 11*j + 21. Let u(h) = -5*h**3 + h**2 - 2*h - 4. Let m(c) = -11*u(c) - 2*w(c). List the prime factors of m(3).
2, 23
Let y = 1 - -11. Suppose 2*u + 2*v = 64, -u + y = -3*v - 12. Suppose 0 = 2*l - u - 40. List the prime factors of l.
5, 7
List the prime factors of 59420/(-5)*3/(-12).
2971
Suppose 5*t - 2189 = 7*k - 10*k, 0 = -4*t - 3*k + 1753. What are the prime factors of t?
2, 109
Let v = -8 - -12. Suppose -3*h + 14 = -v. Let o = 43 - h. List the prime factors of o.
37
Let f be 0 + (-36)/((-9)/(-3)). Let j = 15 + f. List the prime factors of (j/3)/(2/74).
37
Let k = -1684 - -2532. What are the prime factors of k?
2, 53
Let b = -101 - -108. Let x(h) = -3*h + 29. What are the prime factors of x(b)?
2
Let f be 36/12 - (1 - 11). Let z(q) = -q + 27. What are the prime factors of z(f)?
2, 7
Let u be 11 + (-3 - -4)*-1. Let v = 2 + u. What are the prime factors of 44/v - (-3)/9?
2
Suppose 0*s = 2*s - 4. Suppose -s*p = -p - 4. What are the prime factors of p?
2
Let x(a) = -a + 5. Let q be 26/(-4) + 6/12. Let b be x(q). Let y(w) = 2*w - 7. What are the prime factors of y(b)?
3, 5
Let b(g) = g**2 + g - 3. Let v(c) = -c**2 - c**2 - c**2 + 4*c**2. Let n be v(2). List the prime factors of b(n).
17
Suppose 3*z - 8*z - 2*l + 25 = 0, 37 = 4*z + 5*l. Suppose 4*d + z*o - 224 = 0, 2*d + 5*o - 285 = -3*d. What are the prime factors of d?
53
Let h(b) be the third derivative of b**5/60 + b**4/4 + 7*b**3/3 + 2*b**2. Let l be h(-6). What are the prime factors of 144/l*14/3?
2, 3
Let t(q) = q**3 - 14*q**2 - 15*q + 18. Let f be t(15). Let d be (55/(-3))/5*f. What are the prime factors of (d/(-24))/(2/8)?
11
Let q(h) = 12*h - 1. Let d be (-32)/(-24)*(4 + -1). What are the prime factors of q(d)?
47
Suppose 4*z = -0*z + 20, 5*s - 1010 = 4*z. What are the prime factors of s?
2, 103
Suppose 0 = 3*b, 3*c - 3*b = b + 402. List the prime factors of c.
2, 67
Let z(p) = p**3 - p**2 + 32. Let l be z(0). Let g(k) = l*k**2 - k + 4 - 5 - 6*k**2. What are the prime factors of g(-1)?
2, 13
Let y(c) be the third derivative of -c**6/120 + c**4/4 + 3*c**3/2 - 4*c**2 + 11*c. List the prime factors of y(-7).
2, 5, 31
Suppose -4*r + 12 = -2*r. Let g be (-1652)/(-119) - (-4)/34. Let w = r + g. What are the prime factors of w?
2, 5
Let t(h) = 8*h**2 - h + 1. Let s be t(1). Suppose d - s*d = -651. What are the prime factors of d?
3, 31
What are the prime factors of ((-111)/185)/(2/(-2740))?
2, 3, 137
Let h = 0 + 8. Let u be 4/14 - h/28. Suppose -2*n - 22 + 76 = u. What are the prime factors of n?
3
Let r(h) = -18*h + 42. Let g be r(-5). Let x = -20 - 59. Let s = g + x. What are the prime factors of s?
53
Suppose -5*r = -88 - 57. List the prime factors of r.
29
Suppose 57*n - 75*n = -27612. What are the prime factors of n?
2, 13, 59
Let g(k) = -3*k + k**2 + 0*k + 16 - 4*k + 3*k. List the prime factors of g(8).
2, 3
Suppose -4*s - 6437 = -3*u, 2124 = -5*u + 6*u + 3*s. List the prime factors of u.
3, 23, 31
Suppose -3*o - 62 = 19. Let u = o + 47. What are the prime factors of u?
2, 5
Suppose -5*a = 4*f - 3460, 6*a - 3*f = 10*a - 2768. What are the prime factors of a?
2, 173
Let u = -300 + 805. What are the prime factors of u?
5, 101
Suppose 4*k - 5*l - 3764 = 0, -3*l = 8*k - 5*k - 2823. List the prime factors of k.
941
Let t(y) = -y**3. Let d(l) = 8*l**3 - 6*l**2 + l - 3. Let v(z) = d(z) + 4*t(z). List the prime factors of v(4).
7, 23
Let n(l) = l**2 + 4*l - 5. Let k be n(-5). Let v(d) = -d**3 - d**2 - d - 41. Let g be v(k). Let q = g - -63. What are the prime factors of q?
2, 11
Let z = 51 - 76. Let v = 29 + z. Let p(m) = 6*m + 5. What are the prime factors of p(v)?
29
List the prime factors of 31454/42 + (-8)/(-84) + -5.
2, 3, 31
Suppose -5*o = -2*c + 19, -2*c + 4*o + 25 = o. Suppose 0 = -4*k - c + 109. List the prime factors of k.
23
What are the prime factors of (0 - (-12)/(-15))/(30/(-88050))?
2, 587
Suppose 0 = 3*i + 3*j + 2*j - 464, -3*j + 309 = 2*i. List the prime factors of i.
3, 17
Let q(o) = -o**3 + 2*o - 2. Let f be q(-3). Suppose k - 3*j = -f, -k + 2*j - 23 = j. List the prime factors of 10/k + 486/15.
2
Suppose -5*d + z + z + 500 = 0, d + 4*z - 122 = 0. Let i = d + -52. What are the prime factors of i?
2, 5
Suppose 5111 = 4*b - 4749. What are the prime factors of b?
5, 17, 29
Let s(m) = m**3 + 6*m**2 + 8*m + 2. Let k be s(-4). List the prime factors of (229/5)/(k/10).
229
Suppose 0 = -14*o + 18144 + 2506. What are the prime factors of o?
5, 59
List the prime factors of -8 - (7 + -640) - 7.
2, 3, 103
Suppose 2*n = -4*x - 65 + 2933, 4*x - 16 = 0. List the prime factors of n.
2, 23, 31
List the prime factors of 0/(-4) + (-4 - -749).
5, 149
Suppose -446 = 5*x - 7*x. List the prime factors of x.
223
Let c(w) = w**2 - w + 4. Let l be c(-8). Suppose 0 = -v - 3*r + l, 3*v + 2*r - 101 = 134. What are the prime factors of v?
79
Let f(h) = -7*h**2 - 5*h + 1. Let b(p) = p**2 - 1. Let a(d) = -3*b(d) - f(d). Suppose 5*u + 16 = 1. What are the prime factors of a(u)?
23
Suppose 0 = 3*q + 2*q - 3*c + 25, 13 = -4*q + c. Let n = 12 + q. List the prime factors of n.
2, 5
Suppose -2*b + 9595 = 5*x, 74*b = 4*x + 78*b - 7676. What are the prime factors of x?
19, 101
Let w(d) = 3*d**2 - 3*d - 2. Let s be w(-1). Suppose j + 2*u = 145, 3*j + s*u - 435 = 2*u. List the prime factors of j.
5, 29
Suppose 8457 - 35810 = -17*r. List the prime factors of r.
1609
Suppose -112 = -5*x - 2*g, -2*g - 2*g + 104 = 5*x. Suppose 1 = -c + a, -13 = -4*c - a + 3. Suppose 87 - x = c*t. What are the prime factors of t?
3, 7
Let m(x) = -x**3 - 6*x**2 + 29*x + 34. List the prime factors of m(-15).
2, 7, 29
Let g be (-202)/(-8) - 1/4. Let t be